e hundreds digit of 1129?
1
What is the tens digit of 60969?
6
What is the tens digit of 366?
6
What is the units digit of 355?
5
What is the units digit of 2040?
0
What is the thousands digit of 2763?
2
What is the tens digit of 373?
7
What is the tens digit of 35?
3
What is the hundreds digit of 819?
8
What is the units digit of 15063?
3
What is the units digit of 885?
5
What is the hundreds digit of 25256?
2
What is the tens digit of 441?
4
What is the thousands digit of 5191?
5
What is the tens digit of 618?
1
What is the thousands digit of 18197?
8
What is the units digit of 1469?
9
What is the thousands digit of 30101?
0
What is the hundreds digit of 33660?
6
What is the hundreds digit of 53968?
9
What is the hundreds digit of 27378?
3
What is the tens digit of 116696?
9
What is the thousands digit of 3766?
3
What is the tens digit of 2745?
4
What is the units digit of 41607?
7
What is the tens digit of 1575?
7
What is the hundreds digit of 121527?
5
What is the thousands digit of 14244?
4
What is the units digit of 1033?
3
What is the units digit of 1768?
8
What is the hundreds digit of 22679?
6
What is the hundreds digit of 9497?
4
What is the units digit of 512?
2
What is the ten thousands digit of 10831?
1
What is the units digit of 579?
9
What is the hundreds digit of 3006?
0
What is the hundreds digit of 1631?
6
What is the tens digit of 1530?
3
What is the tens digit of 88743?
4
What is the thousands digit of 1910?
1
What is the hundreds digit of 7570?
5
What is the tens digit of 3254?
5
What is the tens digit of 2519?
1
What is the ten thousands digit of 56154?
5
What is the tens digit of 1376?
7
What is the ten thousands digit of 30827?
3
What is the units digit of 7205?
5
What is the units digit of 2446?
6
What is the hundreds digit of 239?
2
What is the units digit of 6586?
6
What is the tens digit of 2255?
5
What is the tens digit of 23927?
2
What is the thousands digit of 4963?
4
What is the hundreds digit of 58467?
4
What is the tens digit of 4959?
5
What is the hundreds digit of 97987?
9
What is the tens digit of 385?
8
What is the ten thousands digit of 16178?
1
What is the thousands digit of 3188?
3
What is the tens digit of 989?
8
What is the tens digit of 185316?
1
What is the units digit of 25272?
2
What is the units digit of 447?
7
What is the units digit of 1588?
8
What is the units digit of 2397?
7
What is the tens digit of 399?
9
What is the units digit of 1158?
8
What is the thousands digit of 4150?
4
What is the tens digit of 2706?
0
What is the thousands digit of 50867?
0
What is the units digit of 390?
0
What is the units digit of 93169?
9
What is the hundreds digit of 51010?
0
What is the units digit of 3555?
5
What is the units digit of 9576?
6
What is the hundreds digit of 1936?
9
What is the thousands digit of 7664?
7
What is the hundreds digit of 21850?
8
What is the thousands digit of 60334?
0
What is the tens digit of 15685?
8
What is the units digit of 6665?
5
What is the hundreds digit of 795?
7
What is the hundreds digit of 4546?
5
What is the thousands digit of 5847?
5
What is the tens digit of 7694?
9
What is the units digit of 2436?
6
What is the tens digit of 119?
1
What is the hundreds digit of 5336?
3
What is the thousands digit of 2475?
2
What is the units digit of 11006?
6
What is the tens digit of 865?
6
What is the units digit of 4469?
9
What is the hundreds digit of 2637?
6
What is the hundreds digit of 31896?
8
What is the units digit of 2520?
0
What is the hundreds digit of 110080?
0
What is the thousands digit of 1944?
1
What is the hundreds digit of 7870?
8
What is the units digit of 786?
6
What is the thousands digit of 4800?
4
What is the hundreds digit of 4422?
4
What is the tens digit of 61?
6
What is the units digit of 11305?
5
What is the units digit of 2374?
4
What is the ten thousands digit of 17207?
1
What is the units digit of 974?
4
What is the tens digit of 1045?
4
What is the tens digit of 8311?
1
What is the hundreds digit of 529?
5
What is the hundreds digit of 93938?
9
What is the tens digit of 1349?
4
What is the tens digit of 4477?
7
What is the tens digit of 2637?
3
What is the hundreds digit of 1393?
3
What is the tens digit of 48?
4
What is the hundreds digit of 18065?
0
What is the hundreds digit of 12089?
0
What is the units digit of 133406?
6
What is the thousands digit of 1523?
1
What is the units digit of 7110?
0
What is the hundreds digit of 15190?
1
What is the thousands digit of 2126?
2
What is the hundreds digit of 3519?
5
What is the units digit of 1821?
1
What is the tens digit of 599?
9
What is the units digit of 51022?
2
What is the thousands digit of 24165?
4
What is the tens digit of 15442?
4
What is the thousands digit of 1437?
1
What is the tens digit of 339?
3
What is the hundreds digit of 340?
3
What is the ten thousands digit of 74106?
7
What is the hundreds digit of 46261?
2
What is the thousands digit of 2724?
2
What is the hundreds digit of 2873?
8
What is the tens digit of 31?
3
What is the tens digit of 754?
5
What is the thousands digit of 6374?
6
What is the hundreds digit of 1905?
9
What is the thousands digit of 1486?
1
What is the tens digit of 828?
2
What is the thousands digit of 1210?
1
What is the units digit of 7783?
3
What is the ten thousands digit of 90011?
9
What is the hundreds digit of 1405?
4
What is the units digit of 1085?
5
What is the units digit of 784?
4
What is the tens digit of 591?
9
What is the units digit of 71830?
0
What is the hundreds digit of 120?
1
What is the tens digit of 4111?
1
What is the units digit of 2194?
4
What is the hundreds digit of 7163?
1
What is the tens digit of 15538?
3
What is the tens digit of 4401?
0
What is the thousands digit of 135223?
5
What is the ten thousands digit of 49904?
4
What is the hundreds digit of 32886?
8
What is the tens digit of 8759?
5
What is the hundreds digit of 13778?
7
What is the ten thousands digit of 90949?
9
What is the tens digit of 142?
4
What is the tens digit of 17076?
7
What is the units digit of 1042?
2
What is the tens digit of 2193?
9
What is the ten thousands digit of 11089?
1
What is the tens digit of 651?
5
What is the units digit of 13?
3
What is the units digit of 69136?
6
What is the hundreds digit of 24382?
3
What is the ten thousands digit of 28261?
2
What is the thousands digit of 4939?
4
What is the hundreds digit of 8290?
2
What is the tens digit of 167305?
0
What is the hundreds digit of 5020?
0
What is the thousands digit of 1039?
1
What is the hundred thousands digit of 102666?
1
What is the tens digit of 5626?
2
What is the hundreds digit of 6320?
3
What is the thousands digit of 178443?
8
What is the tens digit of 206?
0
What is the thousands digit of 2673?
2
What is the ten thousands digit of 24270?
2
What is the units digit of 14605?
5
What is the thousands digit of 27619?
7
What is the tens digit of 12353?
5
What is the tens digit of 86839?
3
What is the ten thousands digit of 31768?
3
What is the thousands digit of 6163?
6
What is the units digit of 124?
4
What is the units digit of 2326?
6
What is the tens digit of 37?
3
What is the hundreds digit of 13388?
3
What is the hundreds digit of 862?
8
What is the tens digit of 4369?
6
What is the ten thousands digit of 11434?
1
What is the tens digit of 1975?
7
What is the thousands digit of 2139?
2
What is the hundreds digit of 3559?
5
What is the tens digit of 8975?
7
What is the hundreds digit of 2625?
6
What is the tens digit of 537?
3
What is the hundreds digit of 789?
7
What is the hundreds digit of 25235?
2
What is the tens digit of 1000?
0
What is the thousands digit of 57659?
7
What is the units digit of 146709?
9
What is the thousands digit of 33590?
3
What is the tens digit of 3040?
4
What is the units digit of 944?
4
What is the hundreds digit of 78756?
7
What is the tens digit of 2985?
8
What is the hundreds digit of 835?
8
What is the hundreds digit of 17408?
4
What is the thousands digit of 4751?
4
What is the units digit of 3171?
1
What is the hundreds digit of 7851?
8
What is the units digit of 355?
5
What is the units digit of 20885?
5
What is the thousands digit of 3465?
3
What is the tens digit of 1025?
2
What is the hundreds digit of 26909?
9
What is the units 